culate the remainder when 119720877 is divided by 644.
633
Calculate the remainder when 25647 is divided by 24952.
695
What is the remainder when 356350 is divided by 44541?
22
Calculate the remainder when 5245367 is divided by 232.
79
What is the remainder when 671432 is divided by 99?
14
Calculate the remainder when 4250099 is divided by 9861.
8
What is the remainder when 3053680 is divided by 5816?
280
Calculate the remainder when 75407554 is divided by 739.
733
Calculate the remainder when 246860 is divided by 1815.
20
What is the remainder when 6836786 is divided by 1497?
1484
What is the remainder when 296429 is divided by 178?
59
What is the remainder when 19429 is divided by 6099?
1132
What is the remainder when 9721263 is divided by 212?
3
What is the remainder when 2332340 is divided by 1166152?
36
Calculate the remainder when 45077058 is divided by 1369.
1364
What is the remainder when 88477 is divided by 497?
11
Calculate the remainder when 410736 is divided by 2085.
2076
What is the remainder when 3166759 is divided by 527791?
13
Calculate the remainder when 1031118 is divided by 807.
579
Calculate the remainder when 2259494 is divided by 224.
6
What is the remainder when 19193699 is divided by 300?
299
What is the remainder when 209248246 is divided by 3048?
3046
Calculate the remainder when 135816740 is divided by 135.
125
Calculate the remainder when 11101063 is divided by 23.
21
Calculate the remainder when 11238492 is divided by 36727.
30
What is the remainder when 148374672 is divided by 121?
116
What is the remainder when 8433920 is divided by 143?
66
Calculate the remainder when 28833936 is divided by 29.
19
Calculate the remainder when 210689 is divided by 1537.
120
What is the remainder when 114395687 is divided by 55?
32
What is the remainder when 2041470 is divided by 389?
387
Calculate the remainder when 177277 is divided by 169984.
7293
What is the remainder when 10896105 is divided by 990555?
0
What is the remainder when 1044886 is divided by 17128?
78
What is the remainder when 2455711 is divided by 577?
576
Calculate the remainder when 34262754 is divided by 44.
42
Calculate the remainder when 4135312 is divided by 295378.
20
Calculate the remainder when 43994961 is divided by 21997478.
5
What is the remainder when 21521498 is divided by 1381?
1375
What is the remainder when 715220 is divided by 50?
20
Calculate the remainder when 1593838 is divided by 12260.
38
What is the remainder when 1880795 is divided by 52230?
515
What is the remainder when 50858237 is divided by 1542?
1535
Calculate the remainder when 4946661 is divided by 250.
161
What is the remainder when 2451387 is divided by 278?
261
Calculate the remainder when 10837509 is divided by 53651.
7
Calculate the remainder when 22076 is divided by 9774.
2528
What is the remainder when 797400 is divided by 53155?
75
Calculate the remainder when 133901 is divided by 26533.
1236
What is the remainder when 13752434 is divided by 31?
28
Calculate the remainder when 13719059 is divided by 199.
198
What is the remainder when 17743358 is divided by 160?
158
What is the remainder when 681306 is divided by 6190?
406
Calculate the remainder when 2068533 is divided by 140.
33
Calculate the remainder when 106114 is divided by 5303.
54
Calculate the remainder when 10829294 is divided by 1580.
1554
Calculate the remainder when 34425017 is divided by 1069.
10
What is the remainder when 4720677 is divided by 818?
817
What is the remainder when 46870 is divided by 23230?
410
Calculate the remainder when 246222 is divided by 1925.
1747
What is the remainder when 1737607 is divided by 89?
60
Calculate the remainder when 52325 is divided by 23491.
5343
Calculate the remainder when 93905 is divided by 17953.
4140
Calculate the remainder when 543305 is divided by 16969.
297
What is the remainder when 578743 is divided by 1894?
1073
Calculate the remainder when 2737495 is divided by 59.
13
Calculate the remainder when 46759 is divided by 397.
310
What is the remainder when 741012 is divided by 1416?
444
Calculate the remainder when 36031 is divided by 2202.
799
What is the remainder when 131975 is divided by 43349?
1928
Calculate the remainder when 2425067 is divided by 10.
7
What is the remainder when 10502710 is divided by 662?
80
Calculate the remainder when 8853496 is divided by 5.
1
What is the remainder when 116591 is divided by 1912?
1871
What is the remainder when 34657872 is divided by 263?
258
What is the remainder when 2290729 is divided by 2?
1
Calculate the remainder when 27012208 is divided by 14445.
58
Calculate the remainder when 480384 is divided by 350.
184
What is the remainder when 16141126 is divided by 163040?
166
What is the remainder when 42898848 is divided by 527?
521
Calculate the remainder when 1107041 is divided by 21.
5
Calculate the remainder when 1719120 is divided by 30.
0
Calculate the remainder when 42029 is divided by 1379.
659
Calculate the remainder when 76590 is divided by 76194.
396
What is the remainder when 380877 is divided by 2701?
36
Calculate the remainder when 36187 is divided by 5024.
1019
What is the remainder when 2490928 is divided by 664?
264
Calculate the remainder when 1025585 is divided by 512581.
423
What is the remainder when 22575946 is divided by 2884?
2878
Calculate the remainder when 504263 is divided by 504246.
17
Calculate the remainder when 2934700 is divided by 511.
27
What is the remainder when 92748 is divided by 223?
203
What is the remainder when 1428024 is divided by 15?
9
Calculate the remainder when 546232 is divided by 269979.
6274
What is the remainder when 58840 is divided by 97?
58
What is the remainder when 301356 is divided by 4856?
284
What is the remainder when 64792721 is divided by 15?
11
What is the remainder when 93736602 is divided by 118?
116
What is the remainder when 2538190 is divided by 211513?
34
Calculate the remainder when 3001144 is divided by 2842.
2834
What is the remainder when 166474161 is divided by 232?
9
What is the remainder when 44854 is divided by 11123?
362
Calculate the remainder when 8170 is divided by 4084.
2
What is the remainder when 138553009 is divided by 3131?
3128
Calculate the remainder when 2754212 is divided by 137710.
12
Calculate the remainder when 886068 is divided by 17354.
1014
What is the remainder when 2567294 is divided by 152?
14
Calculate the remainder when 3355 is divided by 2934.
421
Calculate the remainder when 1277308 is divided by 1277298.
10
Calculate the remainder when 60006313 is divided by 35975.
13
Calculate the remainder when 40552 is divided by 38183.
2369
What is the remainder when 824285 is divided by 90?
65
Calculate the remainder when 541573930 is divided by 10039.
10036
Calculate the remainder when 270263 is divided by 941.
196
Calculate the remainder when 24582185 is divided by 57.
23
Calculate the remainder when 782310879 is divided by 11.
9
What is the remainder when 34339413 is divided by 611?
602
Calculate the remainder when 189458 is divided by 12627.
53
What is the remainder when 79786 is divided by 1203?
388
What is the remainder when 27967019 is divided by 1922?
1919
Calculate the remainder when 88963 is divided by 6536.
3995
Calculate the remainder when 32710 is divided by 10807.
289
Calculate the remainder when 5326182 is divided by 68.
14
What is the remainder when 9878151 is divided by 957?
954
What is the remainder when 8916052 is divided by 72?
4
What is the remainder when 170965 is divided by 981?
271
Calculate the remainder when 461090 is divided by 460439.
651
What is the remainder when 129113 is divided by 129087?
26
Calculate the remainder when 35893910 is divided by 401.
400
What is the remainder when 139067180 is divided by 701?
697
Calculate the remainder when 44676 is divided by 22326.
24
What is the remainder when 4470770 is divided by 7?
3
Calculate the remainder when 1497107 is divided by 379.
57
Calculate the remainder when 95104 is divided by 31562.
418
What is the remainder when 30749 is divided by 30734?
15
Calculate the remainder when 3717606 is divided by 3717591.
15
What is the remainder when 62354865 is divided by 232?
225
Calculate the remainder when 1200294 is divided by 50.
44
Calculate the remain